{"id":90,"date":"2017-02-27T10:52:46","date_gmt":"2017-02-27T10:52:46","guid":{"rendered":"http:\/\/feng-shui-dao.de\/?page_id=90"},"modified":"2021-04-16T07:43:56","modified_gmt":"2021-04-16T07:43:56","slug":"consulting-teaching","status":"publish","type":"page","link":"https:\/\/feng-shui-dao.de\/?page_id=90","title":{"rendered":"Beratung"},"content":{"rendered":"<p><strong>Bei einer Beratung<\/strong><\/p>\n<p>stehen immer Ihre individuellen W\u00fcnsche im Vordergrund.<\/p>\n<p>Sie m\u00f6chten eine Analyse nach Schwerpunkten auch f\u00fcr gestalterische Ziele die Sie bei einer Modernisierung oder einem Umbau unterst\u00fctzt?<\/p>\n<figure id=\"attachment_140\" class=\"thumbnail wp-caption alignnone style=\"width: 899px\"><img loading=\"lazy\" decoding=\"async\" class=\"wp-image-140\" src=\"http:\/\/feng-shui-dao.de\/wp-content\/uploads\/2017\/02\/shake-hands-concepts-3-150x150.jpg\" alt=\"\" width=\"889\" height=\"667\" srcset=\"https:\/\/feng-shui-dao.de\/wp-content\/uploads\/2017\/02\/shake-hands-concepts-3-300x225.jpg 300w, https:\/\/feng-shui-dao.de\/wp-content\/uploads\/2017\/02\/shake-hands-concepts-3-768x576.jpg 768w, https:\/\/feng-shui-dao.de\/wp-content\/uploads\/2017\/02\/shake-hands-concepts-3.jpg 1024w\" sizes=\"(max-width: 889px) 100vw, 889px\" \/><figcaption class=\"caption wp-caption-text\">&#8222;Das Wort eines Mannes sei wie eine S\u00e4ule, und der Handschlag ein stummer Eid. &#8222;(Samuel Gottlieb B\u00fcrde)<\/figcaption><\/figure>\n<p>Als langj\u00e4hriger Interieurdesigner der mit Innen sowohl auch der klassischen Architektur besch\u00e4ftigt war, kenne ich viele Materalien und wei\u00df welche Kombinationen von Form und Material sinnvoll sind. Somit proftitieren Sie bei einer Beratung nicht nur von dem ganzheitlichem System des Feng Shui, sondern auch durch Raumpsychologie und von meinem Know How als Interieurdesigner.<\/p>\n<p><strong>Weitere g\u00fcnstige Wirkungen sind m\u00f6glich<\/strong><\/p>\n<p>Ich habe durch die Beratungen der Vergangenheit feststellen k\u00f6nnen, dass sich eine ganzheitliche Gestaltung Zuhause, auch in Ihrem workflow am Arbeitsplatz bemerkbar machen wird. Dies liegt daran, dass ein harmonisches und vitales\u00a0 Zuhause Sie physisch und mental in kraftvoller machen wird. Dabei spielt es keine Rolle in welchem Unternehmen oder in welchem Beruf Sie t\u00e4tig sind.<\/p>\n<p>Sie m\u00f6chten Ihre bestehenden R\u00e4ume analysieren lassen?<\/p>\n<figure id=\"attachment_359\" class=\"thumbnail wp-caption alignnone style=\"width: 899px\"><img loading=\"lazy\" decoding=\"async\" class=\"wp-image-359\" src=\"http:\/\/feng-shui-dao.de\/wp-content\/uploads\/2017\/02\/Unters-Gold_Red_3-300x195.jpg\" alt=\"\" width=\"889\" height=\"579\" srcset=\"https:\/\/feng-shui-dao.de\/wp-content\/uploads\/2017\/02\/Unters-Gold_Red_3-300x195.jpg 300w, https:\/\/feng-shui-dao.de\/wp-content\/uploads\/2017\/02\/Unters-Gold_Red_3-768x500.jpg 768w, https:\/\/feng-shui-dao.de\/wp-content\/uploads\/2017\/02\/Unters-Gold_Red_3-1024x667.jpg 1024w, https:\/\/feng-shui-dao.de\/wp-content\/uploads\/2017\/02\/Unters-Gold_Red_3.jpg 1332w\" sizes=\"(max-width: 889px) 100vw, 889px\" \/><figcaption class=\"caption wp-caption-text\">\u00dcbersicht der Untersuchungsgebiete<\/figcaption><\/figure>\n<p><strong>Dokumentation<br \/>\n<\/strong><\/p>\n<p>Sie erhalten eine individuelle schrift -und bildliche Analyse zum besseren Verst\u00e4ndnis der Beratung die ein planen f\u00fcr die Umsetzungen unterst\u00fctzt.<\/p>\n<p>Als zertifizierter Qi-MAG Berater und langj\u00e4hrig erfahrener Interieurdesigner biete ich Ihnen leicht verst\u00e4ndlich L\u00f6sungen f\u00fcr jegliche Gestaltungsvorhaben.<\/p>\n<p>Freuen Sie sich auf eine kraftvolle Unterst\u00fctzung bei Ihren Planungen.<\/p>\n<p>&nbsp;<\/p>\n<figure id=\"attachment_105\" class=\"thumbnail wp-caption aligncenter style=\"width: 899px\"><img loading=\"lazy\" decoding=\"async\" class=\"wp-image-105 size-full\" src=\"http:\/\/feng-shui-dao.de\/wp-content\/uploads\/2017\/02\/Analyse.gif\" alt=\"\" width=\"889\" height=\"600\" \/><figcaption class=\"caption wp-caption-text\">Auszug aus einer Analyse die wichtige Informationen enth\u00e4lt, die Sie auch bei der Beratung bekommen werden.<\/figcaption><\/figure>\n<p><strong>Investition<\/strong><\/p>\n<p>Sie m\u00f6chten Ihre bestehenden R\u00e4ume analysieren lassen? Dann sollten Sie generell ein Beratunghonorar nicht als Kosten verstehen, sondern als Investment. Grund ist, dass Sie durch meine Erfahrungen Zeit und Geld sparen werden da meine Beratung auch die eines Interieurdesigners\/Innenarchitekt entspricht. Dies ist unabh\u00e4ngig vom Objekt in Privat oder Business.<\/p>\n<p><strong>Erstberatung<\/strong><\/p>\n<p>Beinhaltet eine Analyse, Schwerpunkte und die L\u00f6sungen die sich beim Beratungsgespr\u00e4ch ergeben<\/p>\n<p>ab 150,00\u20ac -300,00\u20ac<\/p>\n<p>Diese beinhaltet bereits eine Dokumentation mit einer Analyse und L\u00f6sungen nach Schwerpunkten.<\/p>\n<p>Weiteres auf Anfrage, denn die Beratung richtet sich nach Ihren Vorhaben.<\/p>\n<p><strong>Vortr\u00e4ge &amp; Seminare<br \/>\n<\/strong><\/p>\n<p>Durch Vortr\u00e4ge gibt es die M\u00f6glichkeit unterhaltsam einen Einblick zu bekommen, was gerade f\u00fcr Unternehmen und einem Team wertvoll sein kann.<\/p>\n<p>Gerade als erfahrenen Interieur-Designer macht es f\u00fcr Teilenehmer spannend, da ich mit Architektur, den Materialien und mit Designkonzepten vertraut bin.<\/p>\n<p>Falls Sie einen privaten oder gesch\u00e4fltichen Event im Kreise Ihrer Freunde oder Mitarbeiter planen, stehe ich gerne f\u00fcr einen spannenden Beitrag bereit.<\/p>\n<p>Bei Firmenberatungen weise ich durch\u00a0 einem Vortrag auch auf die Notwendigkeit und dem Mitwirken von den Kollegen auf sanfte Weise hin. Hierzu wird ein projektbezogenes Skript den Mitarbeitern f\u00fcr den Vortrag \u00fcbergeben.<\/p>\n<p>Ich hatte in den Jahren sehr erfreuliche Erlebnisse auf Hausmessen, oder anderen Veranstaltungen und war ein gern gesehener Akteur mit spannendem wissenschaftlichem Know How.<\/p>\n<p>Hierzu geh\u00f6ren diverse Hausmessen im Einrichtungs, Office und Immobilienbereich.<\/p>\n<p>Ich lehre zudem die elementaren Qi-MAG Kurse wo jeder Teilnehmer viel Wissen vermittelt bekommt und eine offizielle Zertifizierung des Institutes erh\u00e4lt.<\/p>\n<p>Gerne stehe ich bei R\u00fcckfragen zur Verf\u00fcgung.<\/p>\n<p><img loading=\"lazy\" decoding=\"async\" class=\"wp-image-1083 size-thumbnail aligncenter\" src=\"http:\/\/feng-shui-dao.de\/wp-content\/uploads\/2021\/04\/QI-MAG-Logo-new-2-150x150.png\" alt=\"\" width=\"150\" height=\"150\" srcset=\"https:\/\/feng-shui-dao.de\/wp-content\/uploads\/2021\/04\/QI-MAG-Logo-new-2-150x150.png 150w, https:\/\/feng-shui-dao.de\/wp-content\/uploads\/2021\/04\/QI-MAG-Logo-new-2.png 170w\" sizes=\"(max-width: 150px) 100vw, 150px\" \/><\/p>\n<p>&nbsp;<\/p>\n<p>&nbsp;<\/p>\n","protected":false},"excerpt":{"rendered":"<p>Bei einer Beratung stehen immer Ihre individuellen W\u00fcnsche im Vordergrund. Sie m\u00f6chten eine Analyse nach Schwerpunkten auch f\u00fcr gestalterische Ziele die Sie bei einer Modernisierung oder einem Umbau unterst\u00fctzt? Als langj\u00e4hriger Interieurdesigner der mit Innen sowohl auch der klassischen Architektur besch\u00e4ftigt war, kenne ich viele Materalien und wei\u00df welche Kombinationen von Form und Material sinnvoll<\/p>\n<div><a class=\"btn-filled btn\" href=\"https:\/\/feng-shui-dao.de\/?page_id=90\" title=\"Beratung\">Weiterlesen<\/a><\/div>\n","protected":false},"author":1,"featured_media":0,"parent":0,"menu_order":0,"comment_status":"closed","ping_status":"closed","template":"","meta":{"footnotes":""},"_links":{"self":[{"href":"https:\/\/feng-shui-dao.de\/index.php?rest_route=\/wp\/v2\/pages\/90"}],"collection":[{"href":"https:\/\/feng-shui-dao.de\/index.php?rest_route=\/wp\/v2\/pages"}],"about":[{"href":"https:\/\/feng-shui-dao.de\/index.php?rest_route=\/wp\/v2\/types\/page"}],"author":[{"embeddable":true,"href":"https:\/\/feng-shui-dao.de\/index.php?rest_route=\/wp\/v2\/users\/1"}],"replies":[{"embeddable":true,"href":"https:\/\/feng-shui-dao.de\/index.php?rest_route=%2Fwp%2Fv2%2Fcomments&post=90"}],"version-history":[{"count":74,"href":"https:\/\/feng-shui-dao.de\/index.php?rest_route=\/wp\/v2\/pages\/90\/revisions"}],"predecessor-version":[{"id":1085,"href":"https:\/\/feng-shui-dao.de\/index.php?rest_route=\/wp\/v2\/pages\/90\/revisions\/1085"}],"wp:attachment":[{"href":"https:\/\/feng-shui-dao.de\/index.php?rest_route=%2Fwp%2Fv2%2Fmedia&parent=90"}],"curies":[{"name":"wp","href":"https:\/\/api.w.org\/{rel}","templated":true}]}}